{"id":2631,"date":"2025-05-20T22:41:03","date_gmt":"2025-05-20T20:41:03","guid":{"rendered":"https:\/\/www.suphannahongthaimassage.se\/?page_id=2631"},"modified":"2026-05-12T18:01:04","modified_gmt":"2026-05-12T18:01:04","slug":"thaiwise-2","status":"publish","type":"page","link":"http:\/\/suphannahong.se\/index.php\/thaiwise-2\/","title":{"rendered":"ThaiWISE"},"content":{"rendered":"\t\t<div data-elementor-type=\"wp-page\" data-elementor-id=\"2631\" class=\"elementor elementor-2631\">\n\t\t\t\t\t\t<section class=\"elementor-section elementor-top-section elementor-element elementor-element-99ea910 elementor-section-height-min-height elementor-section-stretched elementor-section-boxed elementor-section-height-default elementor-section-items-middle\" data-id=\"99ea910\" data-element_type=\"section\" data-e-type=\"section\" data-settings=\"{&quot;background_background&quot;:&quot;classic&quot;,&quot;stretch_section&quot;:&quot;section-stretched&quot;}\">\n\t\t\t\t\t\t<div class=\"elementor-container elementor-column-gap-default\">\n\t\t\t\t\t<div class=\"elementor-column elementor-col-100 elementor-top-column elementor-element elementor-element-dab5ad6\" data-id=\"dab5ad6\" data-element_type=\"column\" data-e-type=\"column\">\n\t\t\t<div class=\"elementor-widget-wrap\">\n\t\t\t\t\t\t\t<\/div>\n\t\t<\/div>\n\t\t\t\t\t<\/div>\n\t\t<\/section>\n\t\t\t\t<section class=\"elementor-section elementor-top-section elementor-element elementor-element-de75a43 elementor-section-boxed elementor-section-height-default elementor-section-height-default\" data-id=\"de75a43\" data-element_type=\"section\" data-e-type=\"section\" data-settings=\"{&quot;background_background&quot;:&quot;classic&quot;}\">\n\t\t\t\t\t\t<div class=\"elementor-container elementor-column-gap-default\">\n\t\t\t\t\t<div class=\"elementor-column elementor-col-100 elementor-top-column elementor-element elementor-element-4e84f32\" data-id=\"4e84f32\" data-element_type=\"column\" data-e-type=\"column\">\n\t\t\t<div class=\"elementor-widget-wrap elementor-element-populated\">\n\t\t\t\t\t\t<div class=\"elementor-element elementor-element-92a68c8 elementor-widget elementor-widget-text-editor\" data-id=\"92a68c8\" data-element_type=\"widget\" data-e-type=\"widget\" data-widget_type=\"text-editor.default\">\n\t\t\t\t\t\t\t\t\t<h3>CERTIFIERAD &#8211; NUAD THAI<\/h3>\nDetta f\u00f6retag \u00e4r anslutet till Nuad Thais certifieringsprogram och har \u00e5tagit sig att uppfylla vissa etiska och aff\u00e4rsm\u00e4ssiga standarder. Certifierings-\n\nprocessen leds av ThaiWISE (Thai Women in Sweden Empowerment Project) med st\u00f6d av Malm\u00f6 stad och Thail\u00e4ndska ambassaden i Stockholm.\n\nVad du st\u00f6djer genom att v\u00e4lja en certifierad verksamhet \u00e4r:\n<h4>Bevara traditionen Nuad Thai<\/h4>\nVerksamheten drivs av en kvalificerad Nuad Thai-ut\u00f6vare, erk\u00e4nd av thail\u00e4ndska myndigheter, med minst 150 timmars utbildning. Denna metod \u00e4r ett kulturarv som erk\u00e4nns av UNESCO*.\n<h4>Social h\u00e5llbarhet<\/h4>\nDen certifierade verksamheten erbjuds och f\u00f6rv\u00e4ntas delta i de samh\u00e4llsorienteringskurser som samordnas genom ThaiWISE. Dessa utbildningar syftar till att f\u00f6rb\u00e4ttra integrationen och st\u00e4rka \u00e4garen genom utbildning om det svenska samh\u00e4llet och ens skyldigheter, r\u00e4ttigheter och roll i det.\n<h4>Professionalitet<\/h4>\nDen certifierade verksamheten erbjuds,\u00a0<span style=\"letter-spacing: 0px;\">och f\u00f6rv\u00e4ntas delta i, kurser och\u00a0<\/span><span style=\"letter-spacing: 0px;\">konsultationer i entrepren\u00f6rskap\u00a0<\/span><span style=\"letter-spacing: 0px;\">f\u00f6r att \u00f6ka verksamhetens standard\u00a0<\/span><span style=\"letter-spacing: 0px;\">och \u00e4garens m\u00f6jligheter till egen\u00a0<\/span><span style=\"letter-spacing: 0px;\">utveckling av verksamheten. ThaiWISE\u00a0<\/span><span style=\"letter-spacing: 0px;\">koordinerar dessa kurser och\u00a0<\/span><span style=\"letter-spacing: 0px;\">konsultationer.<\/span>\n<h4>V\u00e4lfungerande aff\u00e4rsstandard<\/h4>\nN\u00e4r en verksamhet blir Nuad\u00a0<span style=\"letter-spacing: 0px;\">Thai-certifierat inneb\u00e4r det att\u00a0<\/span><span style=\"letter-spacing: 0px;\">verksamheten har uppfyllt de milj\u00f6-\u00a0<\/span><span style=\"letter-spacing: 0px;\">och h\u00e4lsostandarder som kr\u00e4vs enligt\u00a0<\/span><span style=\"letter-spacing: 0px;\">svensk lagstiftning.<\/span>\t\t\t\t\t\t\t\t<\/div>\n\t\t\t\t\t<\/div>\n\t\t<\/div>\n\t\t\t\t\t<\/div>\n\t\t<\/section>\n\t\t\t\t<section class=\"elementor-section elementor-top-section elementor-element elementor-element-1eb54d2 elementor-section-height-min-height elementor-section-stretched elementor-section-boxed elementor-section-height-default elementor-section-items-middle\" data-id=\"1eb54d2\" data-element_type=\"section\" data-e-type=\"section\" data-settings=\"{&quot;background_background&quot;:&quot;classic&quot;,&quot;stretch_section&quot;:&quot;section-stretched&quot;}\">\n\t\t\t\t\t\t<div class=\"elementor-container elementor-column-gap-default\">\n\t\t\t\t\t<div class=\"elementor-column elementor-col-100 elementor-top-column elementor-element elementor-element-397d7d0\" data-id=\"397d7d0\" data-element_type=\"column\" data-e-type=\"column\">\n\t\t\t<div class=\"elementor-widget-wrap\">\n\t\t\t\t\t\t\t<\/div>\n\t\t<\/div>\n\t\t\t\t\t<\/div>\n\t\t<\/section>\n\t\t\t\t<\/div>\n\t\t","protected":false},"excerpt":{"rendered":"<p>CERTIFIERAD &#8211; NUAD THAI Detta f\u00f6retag \u00e4r anslutet till Nuad Thais certifieringsprogram och har \u00e5tagit sig att uppfylla vissa etiska och aff\u00e4rsm\u00e4ssiga standarder. Certifierings- processen leds av ThaiWISE (Thai Women in Sweden Empowerment Project) med st\u00f6d av Malm\u00f6 stad och &hellip; <a class=\"kt-excerpt-readmore more-link\" href=\"http:\/\/suphannahong.se\/index.php\/thaiwise-2\/\">Read More<\/a><\/p>\n","protected":false},"author":1,"featured_media":0,"parent":0,"menu_order":0,"comment_status":"closed","ping_status":"closed","template":"","meta":{"kt_blocks_editor_width":"","footnotes":""},"class_list":["post-2631","page","type-page","status-publish","hentry"],"yoast_head":"<!-- This site is optimized with the Yoast SEO plugin v27.5 - https:\/\/yoast.com\/product\/yoast-seo-wordpress\/ -->\n<title>ThaiWISE - Suphannahong Wellness and Spa<\/title>\n<meta name=\"robots\" content=\"index, follow, max-snippet:-1, max-image-preview:large, max-video-preview:-1\" \/>\n<link rel=\"canonical\" href=\"http:\/\/suphannahong.se\/index.php\/thaiwise-2\/\" \/>\n<meta property=\"og:locale\" content=\"sv_SE\" \/>\n<meta property=\"og:type\" content=\"article\" \/>\n<meta property=\"og:title\" content=\"ThaiWISE - Suphannahong Wellness and Spa\" \/>\n<meta property=\"og:description\" content=\"CERTIFIERAD &#8211; NUAD THAI Detta f\u00f6retag \u00e4r anslutet till Nuad Thais certifieringsprogram och har \u00e5tagit sig att uppfylla vissa etiska och aff\u00e4rsm\u00e4ssiga standarder. Certifierings- processen leds av ThaiWISE (Thai Women in Sweden Empowerment Project) med st\u00f6d av Malm\u00f6 stad och &hellip; Read More\" \/>\n<meta property=\"og:url\" content=\"http:\/\/suphannahong.se\/index.php\/thaiwise-2\/\" \/>\n<meta property=\"og:site_name\" content=\"Suphannahong Wellness and Spa\" \/>\n<meta property=\"article:modified_time\" content=\"2026-05-12T18:01:04+00:00\" \/>\n<meta name=\"twitter:card\" content=\"summary_large_image\" \/>\n<meta name=\"twitter:label1\" content=\"Ber\u00e4knad l\u00e4stid\" \/>\n\t<meta name=\"twitter:data1\" content=\"1 minut\" \/>\n<script type=\"application\/ld+json\" class=\"yoast-schema-graph\">{\"@context\":\"https:\\\/\\\/schema.org\",\"@graph\":[{\"@type\":\"WebPage\",\"@id\":\"http:\\\/\\\/suphannahong.se\\\/index.php\\\/thaiwise-2\\\/\",\"url\":\"http:\\\/\\\/suphannahong.se\\\/index.php\\\/thaiwise-2\\\/\",\"name\":\"ThaiWISE - Suphannahong Wellness and Spa\",\"isPartOf\":{\"@id\":\"https:\\\/\\\/suphannahong.se\\\/#website\"},\"datePublished\":\"2025-05-20T20:41:03+00:00\",\"dateModified\":\"2026-05-12T18:01:04+00:00\",\"breadcrumb\":{\"@id\":\"http:\\\/\\\/suphannahong.se\\\/index.php\\\/thaiwise-2\\\/#breadcrumb\"},\"inLanguage\":\"sv-SE\",\"potentialAction\":[{\"@type\":\"ReadAction\",\"target\":[\"http:\\\/\\\/suphannahong.se\\\/index.php\\\/thaiwise-2\\\/\"]}]},{\"@type\":\"BreadcrumbList\",\"@id\":\"http:\\\/\\\/suphannahong.se\\\/index.php\\\/thaiwise-2\\\/#breadcrumb\",\"itemListElement\":[{\"@type\":\"ListItem\",\"position\":1,\"name\":\"Hem\",\"item\":\"https:\\\/\\\/suphannahong.se\\\/\"},{\"@type\":\"ListItem\",\"position\":2,\"name\":\"ThaiWISE\"}]},{\"@type\":\"WebSite\",\"@id\":\"https:\\\/\\\/suphannahong.se\\\/#website\",\"url\":\"https:\\\/\\\/suphannahong.se\\\/\",\"name\":\"Suphannahong Wellness and Spa\",\"description\":\"relax &amp; thaimassage i Lund\",\"publisher\":{\"@id\":\"https:\\\/\\\/suphannahong.se\\\/#organization\"},\"potentialAction\":[{\"@type\":\"SearchAction\",\"target\":{\"@type\":\"EntryPoint\",\"urlTemplate\":\"https:\\\/\\\/suphannahong.se\\\/?s={search_term_string}\"},\"query-input\":{\"@type\":\"PropertyValueSpecification\",\"valueRequired\":true,\"valueName\":\"search_term_string\"}}],\"inLanguage\":\"sv-SE\"},{\"@type\":\"Organization\",\"@id\":\"https:\\\/\\\/suphannahong.se\\\/#organization\",\"name\":\"Suphannahong Wellness and Spa\",\"url\":\"https:\\\/\\\/suphannahong.se\\\/\",\"logo\":{\"@type\":\"ImageObject\",\"inLanguage\":\"sv-SE\",\"@id\":\"https:\\\/\\\/suphannahong.se\\\/#\\\/schema\\\/logo\\\/image\\\/\",\"url\":\"http:\\\/\\\/suphannahong.se\\\/wp-content\\\/uploads\\\/2026\\\/05\\\/logo-header.png\",\"contentUrl\":\"http:\\\/\\\/suphannahong.se\\\/wp-content\\\/uploads\\\/2026\\\/05\\\/logo-header.png\",\"width\":1500,\"height\":408,\"caption\":\"Suphannahong Wellness and Spa\"},\"image\":{\"@id\":\"https:\\\/\\\/suphannahong.se\\\/#\\\/schema\\\/logo\\\/image\\\/\"}}]}<\/script>\n<!-- \/ Yoast SEO plugin. -->","yoast_head_json":{"title":"ThaiWISE - Suphannahong Wellness and Spa","robots":{"index":"index","follow":"follow","max-snippet":"max-snippet:-1","max-image-preview":"max-image-preview:large","max-video-preview":"max-video-preview:-1"},"canonical":"http:\/\/suphannahong.se\/index.php\/thaiwise-2\/","og_locale":"sv_SE","og_type":"article","og_title":"ThaiWISE - Suphannahong Wellness and Spa","og_description":"CERTIFIERAD &#8211; NUAD THAI Detta f\u00f6retag \u00e4r anslutet till Nuad Thais certifieringsprogram och har \u00e5tagit sig att uppfylla vissa etiska och aff\u00e4rsm\u00e4ssiga standarder. Certifierings- processen leds av ThaiWISE (Thai Women in Sweden Empowerment Project) med st\u00f6d av Malm\u00f6 stad och &hellip; Read More","og_url":"http:\/\/suphannahong.se\/index.php\/thaiwise-2\/","og_site_name":"Suphannahong Wellness and Spa","article_modified_time":"2026-05-12T18:01:04+00:00","twitter_card":"summary_large_image","twitter_misc":{"Ber\u00e4knad l\u00e4stid":"1 minut"},"schema":{"@context":"https:\/\/schema.org","@graph":[{"@type":"WebPage","@id":"http:\/\/suphannahong.se\/index.php\/thaiwise-2\/","url":"http:\/\/suphannahong.se\/index.php\/thaiwise-2\/","name":"ThaiWISE - Suphannahong Wellness and Spa","isPartOf":{"@id":"https:\/\/suphannahong.se\/#website"},"datePublished":"2025-05-20T20:41:03+00:00","dateModified":"2026-05-12T18:01:04+00:00","breadcrumb":{"@id":"http:\/\/suphannahong.se\/index.php\/thaiwise-2\/#breadcrumb"},"inLanguage":"sv-SE","potentialAction":[{"@type":"ReadAction","target":["http:\/\/suphannahong.se\/index.php\/thaiwise-2\/"]}]},{"@type":"BreadcrumbList","@id":"http:\/\/suphannahong.se\/index.php\/thaiwise-2\/#breadcrumb","itemListElement":[{"@type":"ListItem","position":1,"name":"Hem","item":"https:\/\/suphannahong.se\/"},{"@type":"ListItem","position":2,"name":"ThaiWISE"}]},{"@type":"WebSite","@id":"https:\/\/suphannahong.se\/#website","url":"https:\/\/suphannahong.se\/","name":"Suphannahong Wellness and Spa","description":"relax &amp; thaimassage i Lund","publisher":{"@id":"https:\/\/suphannahong.se\/#organization"},"potentialAction":[{"@type":"SearchAction","target":{"@type":"EntryPoint","urlTemplate":"https:\/\/suphannahong.se\/?s={search_term_string}"},"query-input":{"@type":"PropertyValueSpecification","valueRequired":true,"valueName":"search_term_string"}}],"inLanguage":"sv-SE"},{"@type":"Organization","@id":"https:\/\/suphannahong.se\/#organization","name":"Suphannahong Wellness and Spa","url":"https:\/\/suphannahong.se\/","logo":{"@type":"ImageObject","inLanguage":"sv-SE","@id":"https:\/\/suphannahong.se\/#\/schema\/logo\/image\/","url":"http:\/\/suphannahong.se\/wp-content\/uploads\/2026\/05\/logo-header.png","contentUrl":"http:\/\/suphannahong.se\/wp-content\/uploads\/2026\/05\/logo-header.png","width":1500,"height":408,"caption":"Suphannahong Wellness and Spa"},"image":{"@id":"https:\/\/suphannahong.se\/#\/schema\/logo\/image\/"}}]}},"_links":{"self":[{"href":"http:\/\/suphannahong.se\/index.php\/wp-json\/wp\/v2\/pages\/2631","targetHints":{"allow":["GET"]}}],"collection":[{"href":"http:\/\/suphannahong.se\/index.php\/wp-json\/wp\/v2\/pages"}],"about":[{"href":"http:\/\/suphannahong.se\/index.php\/wp-json\/wp\/v2\/types\/page"}],"author":[{"embeddable":true,"href":"http:\/\/suphannahong.se\/index.php\/wp-json\/wp\/v2\/users\/1"}],"replies":[{"embeddable":true,"href":"http:\/\/suphannahong.se\/index.php\/wp-json\/wp\/v2\/comments?post=2631"}],"version-history":[{"count":12,"href":"http:\/\/suphannahong.se\/index.php\/wp-json\/wp\/v2\/pages\/2631\/revisions"}],"predecessor-version":[{"id":2876,"href":"http:\/\/suphannahong.se\/index.php\/wp-json\/wp\/v2\/pages\/2631\/revisions\/2876"}],"wp:attachment":[{"href":"http:\/\/suphannahong.se\/index.php\/wp-json\/wp\/v2\/media?parent=2631"}],"curies":[{"name":"wp","href":"https:\/\/api.w.org\/{rel}","templated":true}]}}